t is the hundreds digit of (-5)/(-2 - -7)*(-85511 + -32)?
5
Suppose 5*s + 40572 = 19*s. Suppose -h + s = 10*z - 7*z, h = 3*z - 2892. What is the tens digit of z?
6
Suppose 0 = -o - 50 + 49. Let j be (4 + o)/(-3) - -5. What is the units digit of (-1)/(j - (-58)/(-14))?
7
Suppose -66*s + 1007148 = -346908. What is the thousands digit of s?
0
Let h(s) = -2*s**3 + 1. Let p = -224 - -219. What is the tens digit of h(p)?
5
Let r(q) be the first derivative of -q**3/3 + 13*q**2/2 - 8*q - 13. Let l be r(12). Suppose h - 38 = -k - h, -4*k + l*h = -140. What is the units digit of k?
6
Suppose -24*o - o + 1622976 = -o. What is the hundreds digit of o?
6
Let u(o) = o**2 - 8*o + 4. Let n be u(6). Let f be n - -10 - (-2)/1. Suppose -138 = -2*j + 4*t, f*j + 108 = -5*t + 384. What is the units digit of j?
9
What is the tens digit of (-3 - 0)/(-74 + 79) + (-12008)/(-5)?
0
Let d = 17 - 13. Suppose -v - d*a - 15 = 0, -40 = -4*v + v + 5*a. Suppose 0*x = -5*x - v*g + 435, -4*g = 2*x - 180. What is the units digit of x?
4
Suppose 4668 - 630 = 26*g - 2696. What is the units digit of g?
9
Let p be (-2)/((-30)/1333) - 170/(-1275). Suppose 12*g = 221 - p. What is the tens digit of g?
1
Let x(v) = 45*v**3 - 245*v**2 - 30*v + 43. What is the thousands digit of x(13)?
7
Suppose -n = 3*k - 1429, 2*n - 3*n + 952 = 2*k. Suppose k + 863 = 4*l + 5*t, 2*l - 3*t - 692 = 0. What is the tens digit of l?
4
Let q be (-25)/((-275)/(-3894))*1/(-3). Suppose 2*i - q = 2. What is the units digit of i?
0
Suppose -30*w = -75*w + 301769 + 168211. What is the hundreds digit of w?
4
Suppose 42*r + 2*a = 45*r - 19189, 4*r - 5*a = 25583. What is the thousands digit of r?
6
Let s(u) = -2*u**3 + 93*u**2 - 46*u - 20. What is the units digit of s(45)?
5
Let i = -4 - -37. Suppose 2*l - i = -21. What is the tens digit of (l/(-4))/(3/(-70))?
3
Suppose -3*m = -5*p - 29155 + 109642, 0 = -3*p + 5*m + 48305. What is the ten thousands digit of p?
1
Suppose -o - 26 + 31 = 0. Suppose -4*g - b + 1914 = 2*b, -o*b = -g + 467. What is the hundreds digit of g?
4
Let r(c) = 2*c**3 + 226*c**2 + 393*c + 239. What is the units digit of r(-111)?
0
Suppose 0 = 3*k + 29 - 38. What is the hundreds digit of 241 + 0/(3 + -4) + k?
2
Let q = 23675 + 9784. What is the hundreds digit of q?
4
Let a(g) = 2*g**3 + 5*g**2 + 10*g - 31. Let n be a(8). Suppose 4*f - 4029 = -n. What is the tens digit of f?
5
Let c(d) = 2*d**2 + 25*d - 63. Let s be c(-15). Let p(j) = j**3 - 9*j**2 - 8*j + 38. What is the hundreds digit of p(s)?
3
Let o(u) = -2*u + 1. Let q(k) = k**2 + 10*k + 2. Let l be q(-7). Let g = 17 + l. What is the units digit of o(g)?
5
Let j = 12811 - -10324. What is the ten thousands digit of j?
2
Suppose m - 5 = 4*k, 3*k = k + 2*m - 10. Suppose -3*h + 12 = 2*l - 0*h, 4*l - 4*h - 44 = k. Suppose 0 = -l*c + 5*c + 308. What is the tens digit of c?
7
Let a = -52 + 57. Suppose m + 5*j - 22 - 111 = 0, -251 = -2*m + a*j. Let k = m + -70. What is the tens digit of k?
5
Let x(t) = 13*t - 444. Let i(r) = 7*r - 222. Let j = -78 - -72. Let u(n) = j*x(n) + 11*i(n). What is the units digit of u(0)?
2
Suppose 0 = -0*g + g - 7086. What is the hundreds digit of g?
0
Let z(h) = 4*h**2 + 4*h + 9. Let s be z(-5). Let v be (s + -3)*3/6. Suppose -v = 2*g - 303. What is the tens digit of g?
3
Let x(u) = 210*u**2 + 91*u - 268. What is the tens digit of x(3)?
9
Let k = -81740 - -141798. What is the hundreds digit of k?
0
Suppose -4*x + 8*m = 6*m - 22860, 4*x + 4*m = 22848. What is the units digit of x?
4
Let l(x) = 365*x**2 + 46*x - 510. What is the units digit of l(7)?
7
Suppose -658 + 25327 = 15*n + 24. What is the thousands digit of n?
1
Let r(l) = 32*l - 5. Let b(s) = s**2 + 29*s - 91. Let m be b(-32). What is the units digit of r(m)?
5
Suppose 251*y = 237*y + 148568. What is the hundreds digit of y?
6
What is the units digit of 60/((-110)/(-11))*3/((-6)/(-607))?
1
Let l = 108 - 48. Let v = l + -54. Suppose -v*r + 9*r = 162. What is the units digit of r?
4
Suppose -3*r - 32 = -y + 92, -5*r = -y + 114. Let j = 64 - y. What is the tens digit of (-92)/((-2)/2) + j/(-25)?
9
Suppose 2*t = 4*a + 3*t + 19, 3*a + 19 = 4*t. Let p = 21 + -19. What is the units digit of p + 3 + a - -1?
1
Suppose -b - 3*b + 96 = 0. Suppose -2*y + b = -14. Let c = y + 43. What is the units digit of c?
2
Suppose -201 - 150 = -9*q. Suppose -43*w + q*w = -604. Let s = -131 + w. What is the tens digit of s?
2
Let f = -36 - -50. Suppose 1093 = f*n - 1133. Suppose -n = -5*r + 4*y, 4*y = -0*y + 16. What is the tens digit of r?
3
What is the ten thousands digit of -11 - -5 - (35001/(-12))/(1/4)?
1
Let r = 677 + -710. What is the tens digit of ((-22)/r)/(4/1296)?
1
Let c(i) = -33*i + 35. Let g be c(-5). Let l = 683 - g. What is the hundreds digit of l?
4
Suppose -5*q + 25 = 0, 3*h + 5*q = 3*q + 32485. What is the units digit of h?
5
Let d(j) = -51*j + 41. Let a(c) = 153*c - 122. Let n(b) = 4*a(b) + 11*d(b). What is the tens digit of n(5)?
1
Let d(u) = 2768*u - 521. What is the tens digit of d(5)?
1
Suppose -66*z + 25710 = -51*z. What is the units digit of z?
4
Let u(k) = 10*k**3 + 24*k**2 - 312*k - 4. What is the ten thousands digit of u(11)?
1
Suppose -2*h = -5*h - 6. Let n be h/8 + 74224/(-64). What is the units digit of n/(-36) - (-2)/(-9)?
2
Let o(t) = t**2 - 7*t + 3. Let r be o(7). Suppose r*m + 136 = 1387. What is the units digit of m?
7
Let p(l) be the third derivative of -l**5/60 + l**4/24 + 416*l**3/3 - 19*l**2. What is the units digit of p(0)?
2
Suppose 11 = -q + 16. Suppose 15*p = q*p + 1540. What is the hundreds digit of p?
1
Let d = -31255 + 62383. What is the hundreds digit of d?
1
Let b(l) = -l**3 - l**2 + l. Let m(p) = 333*p**3 - 9*p**2 + 6*p + 2. Let s(u) = 6*b(u) - m(u). What is the units digit of s(-1)?
0
Let u(p) be the second derivative of -p**6/90 + p**5/24 - p**4/2 - 5*p. Let h(t) be the third derivative of u(t). What is the tens digit of h(-8)?
6
Suppose 383*t = 10315023 + 7451198. What is the ten thousands digit of t?
4
Suppose -17*u + 6*u - 1471008 = -67*u. What is the tens digit of u?
6
Let j be -6 + -4 + 14 - (2 - 0). What is the tens digit of (-5)/((-20)/16) - j - -482?
8
Suppose -48*s + 37*s = -11. Let k(r) = 192*r - 5. What is the tens digit of k(s)?
8
Suppose 2*g = 6*v - 47196, 46*v - 45*v - 3*g - 7882 = 0. What is the thousands digit of v?
7
Suppose 0 = -91*b + 93*b + 3*z - 7654, 3794 = b - 4*z. What is the units digit of b?
8
What is the tens digit of (8/(-4)*-1)/(1/2158)?
1
Let c(u) = -12*u + 51*u + 5 + 55*u. Let n be c(6). Suppose 9 = 3*t, -2*t - n = -5*r - 0*t. What is the hundreds digit of r?
1
Let d(w) = -w**2 - 8*w + 62. Let x be d(5). What is the hundreds digit of (-135 + 7 + -4)*16/x?
7
Let u be (-1)/3 + ((-852)/(-18) - -4). Suppose -11*g = u - 887. What is the units digit of g?
6
Suppose -4*a + 1608 = 5*z + 628, 0 = 2*a + 10. Let n be (1 + 6/4)/((-2)/(-4)). Suppose n*y - 160 = z. What is the units digit of y?
2
Suppose -8675 - 99030 = -5*d. What is the thousands digit of d?
1
Let x be (32/(-40))/(2 - 64/30). Suppose -2*h = -y + 50, 3*y - x*y = -3*h - 159. What is the units digit of y?
6
Let f(g) be the first derivative of -1/3*g**3 - 49*g + 33/2*g**2 - 17. What is the units digit of f(29)?
7
Suppose 2*h = -3*h + 265. Suppose 42*v = 44*v - 4. Suppose v*j - 3*k - 99 = 0, 4*j + 3*k - h - 154 = 0. What is the units digit of j?
1
Let w(u) = -7*u**3 + 4*u**2 + 7*u - 5. Let l(k) = k - 1. Let p(q) = 3*l(q) - w(q). What is the tens digit of p(4)?
7
Let h = 109718 - 76762. What is the tens digit of h?
5
Let m = 3753 - 1203. What is the thousands digit of m?
2
Let q(d) = 1 - 4*d + 27*d**2 + 71*d**2 + 3*d - d + 0*d. What is the hundreds digit of q(-4)?
5
Suppose 205*i - 2458134 = 1910826. What is the units digit of i?
2
What is the tens digit of (23908/(-5))/(((-308)/(-35))/(-22))?
5
Let c be 1 - (8 - 3) - -252. Let b = 712 + c. What is the hundreds digit of b?
9
Let g(q) = -8*q - 16*q**2 - 10 + 12*q**2 + 2*q + 2*q**3 - 2*q**2. Suppose 18 = 3*w - 0*w. What is the units digit of g(w)?
0
Let h(q) = q**3 - 20*q**2 + 19*q + 8. Let b be h(19). What is the hundreds digit of 1336/20*(-3 + b)?
3
Let u(i) = -32*i**2 + 8. Let m be u(-3). Let j be (-10)/(-30) - m/(-3). Let q = j + 183. What is the tens digit of q?
9
Let k(s) = 2*s**3 + 9*s**2 - 6*s - 1. Let p b